(6 - -9)*-1002.
2, 3, 167
Let k = 37055 + -24228. What are the prime factors of k?
101, 127
Suppose 20*o - 21*o + 26 = 0. What are the prime factors of (-101565)/(-195) - (-4)/o?
521
Suppose -33460 + 1932 = -4*a - w, a - 7861 = 5*w. List the prime factors of a.
3, 37, 71
Let v(a) = -a**3 - 55*a**2 - 475*a - 100. List the prime factors of v(-53).
19457
Suppose -116 = 3*s - 257. Suppose -12375 = -s*f + 32*f. List the prime factors of f.
3, 5, 11
Let r = -28525 - -42048. List the prime factors of r.
13523
Let u = -381 + 321. List the prime factors of (1037/(-2))/(30/u).
17, 61
Let h(u) = -u**3 - 3*u**2 + 104*u - 11. List the prime factors of h(-20).
17, 277
Let l(h) = -15*h**3 - 9*h**2 + 5*h - 112. What are the prime factors of l(-8)?
2, 11, 79
Let w = -354 + 356. Suppose 21*l + 4*c + 3748 = 25*l, -5*l = -w*c - 4697. List the prime factors of l.
941
Let w = -16797 - -46552. What are the prime factors of w?
5, 11, 541
What are the prime factors of (52436/14)/((-12)/(-84))*(-12)/(-12)?
2, 13109
Suppose -25 = -6*o + o. Suppose -x + 912 = g, 4520 = -13*x + 18*x - o*g. What are the prime factors of x?
2, 227
Suppose 97*l = 1514882 + 858611. List the prime factors of l.
24469
Let w = -109 + 238. Suppose 0 = -4*t + t + w. Suppose -i - 3*h - 16 = -t, 3*i = -h + 73. List the prime factors of i.
2, 3
Suppose 6 = 118*l - 112*l. What are the prime factors of (-2 - -321) + 0 + l?
2, 5
Suppose -13*r + 30 = -178. Suppose 4*j - 3077 = -3*k, -r*k + 2049 = -14*k + 5*j. List the prime factors of k.
13, 79
Let l(t) = -2*t**2 - 67*t - 35. Let a be l(-33). Let k be 220/11*(-3)/(a*3). Let q(m) = -m**3 + 11*m**2 - 2*m - 4. What are the prime factors of q(k)?
2, 19
Let z = -75976 - -108409. List the prime factors of z.
3, 19, 569
Suppose 29*l = 73560 + 82402. List the prime factors of l.
2, 2689
Suppose 13*x = 10*x + 38*x - 400120. List the prime factors of x.
2, 1429
Let r(o) = 2124*o + 987. What are the prime factors of r(8)?
3, 13, 461
Let j(v) = v + 46. Let u be j(-15). Let h = u - 12. Let w = h - -6. What are the prime factors of w?
5
Let q = -34 - -38. Suppose q*w + m = 0, -w - 7*m = -6*m. List the prime factors of w/(-5) + 1 - -33.
2, 17
Suppose -3 = 3*k + 2*g, 3*k - 5*k + 14 = -4*g. What are the prime factors of -13 + 15 + (275 - k) + 1?
277
Let a(k) = -k**3 + 6*k**2 - 13*k - 23. Suppose z + 8 = 3*q - 0*q, -5*z = 5*q + 40. What are the prime factors of a(z)?
977
Let j(i) = -14647*i + 96. List the prime factors of j(-1).
23, 641
Suppose -4*d + 355 = -305. What are the prime factors of (3/15 - (-22)/d)*3414?
2, 569
Let m be 2*(51/2 - (-5 - -7)). Let q = m - 44. Suppose -578 + 92 = -q*y. List the prime factors of y.
2, 3
Let o(j) = -j**3 - 27*j**2 + 4*j + 39. Let y be o(-26). Let n = y + 1605. What are the prime factors of n?
2, 3
Let c be 8/(-48) - ((-25)/6 - 1). Suppose 2194 = c*m - 2*u, -10*m - 4*u - 428 = -11*m. What are the prime factors of m?
2, 5, 11
Suppose -2*o + 6 = -2*n + 4*n, -3 = -n + 2*o. Suppose d + 0 - n = 0. List the prime factors of -3*59/(-9) - (-1)/d.
2, 5
Suppose 15 = p + 4*p, -2*c - 165 = 5*p. Let v = c - -931. List the prime factors of v.
29
Let z = -86 + -132. Let q = -111 - z. Let c = q - 56. List the prime factors of c.
3, 17
Let d = 2238 + -6957. Let i be (-2)/4 - d/26. Suppose 231 = 6*r - 2*r - 5*o, i = 3*r + 4*o. What are the prime factors of r?
59
Let d(z) = 1028*z**3 - 4*z**2 + 5*z - 1. Let p be d(1). Let g = p + -613. What are the prime factors of g?
5, 83
Let k(w) = -w**2 - 12*w + 93. Let v be k(5). Suppose -7*d + v*d = -3*m + 1753, 2*d = -3*m + 3494. What are the prime factors of d?
1741
List the prime factors of 9730 - ((-5 - (-28)/(-7)) + 2).
7, 13, 107
What are the prime factors of -4*(2852/(-2) + 60/240)?
3, 1901
Let w(f) = f**3 + 7*f**2 + 56*f + 343. List the prime factors of w(30).
35323
What are the prime factors of (1 - 75418/(-8)) + (-10)/360*9?
2, 2357
Let o(l) = l**3 + 5*l**2 - 15*l - 1. Suppose 0 = 3*i - 6 + 27. Let k be o(i). Suppose w + k = 41. List the prime factors of w.
5, 7
Let f = 27146 + -18847. What are the prime factors of f?
43, 193
Suppose 5*l - 3340 = 5*w, 1964 = 3*l - 9*w + 14*w. Let z = 119 + l. List the prime factors of z.
2, 17, 23
Let o be (-1125)/180*(-8)/5. Suppose 0 = o*u - 6 - 254. What are the prime factors of u?
2, 13
Let f be (-222)/407 + (-38968)/(-11) + -2. Let a = -2107 + f. List the prime factors of a.
1433
Let l be 350/8 + 2/8. Let m = -8577 - -8583. Suppose -m*g = -10*g + l. List the prime factors of g.
11
Let d(q) = -q**2 - 34*q - 3. Suppose -m = 14*m + 165. List the prime factors of d(m).
2, 5
Let s = -69 + 78. Suppose -s*p + 838 + 773 = 0. What are the prime factors of p?
179
What are the prime factors of ((-26)/(-6))/(-13)*-1*55068/4?
13, 353
Suppose -2*o + 27029 = 5*f, -4*f + 27069 = 2*o - 7*f. What are the prime factors of o?
3, 167
Suppose -700*d - 94 = -702*d. Suppose 182 = 2*q + 2*m, -3*m + 518 = 4*q + 158. Let k = q - d. List the prime factors of k.
2, 5
Let j be 2 + 0 + 257 + 7. Suppose 0 = -271*q + j*q + 7810. What are the prime factors of q?
2, 11, 71
Let c be 18/(-4) - 6/12. Let r be 1 + c + 2 + 4. What are the prime factors of (3 - 1 - -52) + r?
2, 7
Let g = 26767 - 4878. List the prime factors of g.
7, 53, 59
Let c be ((-24)/8)/((-4)/64). Let g(d) = c - 3*d + 10*d - 8*d. What are the prime factors of g(11)?
37
Let y(k) be the third derivative of 3/10*k**5 + 1/6*k**4 + k + 0 - 1/3*k**3 + 13*k**2. List the prime factors of y(-2).
2, 31
Suppose v - 38*a - 12327 = -36*a, 24699 = 2*v + 5*a. List the prime factors of v.
13, 73
Suppose 2*h + 5*g - 526 = 42, 0 = -2*h - g + 568. Let d be (-502)/(-3 + 2 + 0). Let u = d - h. What are the prime factors of u?
2, 109
Suppose 0 = 2*m + 3*w + 15, 3*w - 5 + 20 = m. Let p be 1 - (m/2 + -478 + -12). Suppose 3*k - 292 = -2*g, 5*k + 2*g - p = 3*g. List the prime factors of k.
2, 7
Let b = 373 - 336. Suppose -b*k - 5068 + 26676 = 0. List the prime factors of k.
2, 73
Suppose 2387 = 8*c - 15*c. List the prime factors of (c - 25/5)/(-2).
173
Let c = -344 + 10018. List the prime factors of c.
2, 7, 691
Let y be 1 - 50/20*6/(-5). Let q be ((4 - y) + 0)*1. Suppose q*l - 7*l = -784. What are the prime factors of l?
2, 7
Suppose 19949 + 33845 = 17*q + 15850. What are the prime factors of q?
2, 3, 31
Let j be -4 - (-10 - -5) - -3. Suppose -2*s - 3*c + 874 = -6*c, 5*s + j*c = 2208. List the prime factors of s.
2, 5, 11
Let w(n) = -n**2 + n + 46. Let o(b) = 13 - 9 + 30 + 4*b - 10. Let l be o(-6). List the prime factors of w(l).
2, 23
What are the prime factors of -6 + 0 - 132825/(-33)?
4019
Suppose -4*n = 4*g - 28384, 11*g + 7120 = n + 6*g. What are the prime factors of n?
2, 5, 71
Suppose 20 = -5*h, -381*b = -379*b + 5*h - 174780. List the prime factors of b.
2, 5, 19, 23
Let f be (-2 + (-48)/(-20))*(1 - -774). Suppose -w = -6*w + f. What are the prime factors of w/1 + (-3 - -6)?
5, 13
Let j = -16548 - -22317. What are the prime factors of j?
3, 641
Let a be (297/12)/((-3)/(-36)) + -2. Let r = a - -39. List the prime factors of r.
2, 167
Suppose 424138 - 1271205 = -70*s + 795973. List the prime factors of s.
2, 3, 163
What are the prime factors of (-19608105)/(-1574)*(-4)/(-5)?
2, 3, 11, 151
Let h be (-15)/40 + 4470/16. Suppose -j - 3*o + 2 + h = 0, 3*j - 837 = -3*o. List the prime factors of j.
2, 139
Let s(m) = 126*m**2 + 15*m - 31. Let z be ((-13)/(-7) + -1)/((-56)/(-196)). What are the prime factors of s(z)?
2, 7, 41
Let m = 41 + -40. Let g be (5 + (-89)/4)/(m/4). Let k = -43 - g. What are the prime factors of k?
2, 13
Suppose 2*t = 4*j + 20176, j + 28309 + 1955 = 3*t. List the prime factors of t.
2, 13, 97
Let d(f) = -317*f - 34. Let l(y) = -10*y - 92. Let j be l(-9). List the prime factors of d(j).
2, 3, 5
Suppose -2*a - 6 = -4*m - 4, 0 = 5*m - 3*a - 2. Suppose 6*d - 5 = m. Suppose q + d = -4, 0 = 3*w - 3*q - 186. List the prime factors of w.
3, 19
Suppose 5*i + 3*p - 63 = 0, 56 - 42 = 2*i + 4*p. Suppose -18*v + i*v - a + 2053 = 0, -v = 5*a - 703. List the prime factors of v.
683
Let z = -256 - -260. Suppose -t + 328 = z*l, -3*t - 15*l + 14*l = -1039. What are the prime factors of t?
2, 3, 29
Suppose -22*c + 31866 = -1049984. List the prime factors of c.
5, 7, 281
Let d(s) = 23*s + 11. Let u be d(-4). Let f be (-7)/(-35) - 1034/(-5). Let o = u 